2 = -114. Let l = 65 + k. Let r = -14 - l. What is the highest common factor of r and 9?
9
Let z(c) = -3*c - 31. Let f be z(-21). Calculate the highest common factor of f and 4.
4
Suppose -44 = 3*p - 2*n + 27, 3*p = n - 70. Let t = p - -68. Suppose 70 = 5*a - 20. Calculate the highest common divisor of t and a.
9
Let n(a) = 4*a - 3. Let g be n(5). Let j be (-2)/(-7) + 3921/21. Calculate the greatest common divisor of j and g.
17
Let c be 1 + (-2 - -1) - -70. Let i be ((-3)/(-6))/((-1)/(-20)). Calculate the highest common factor of i and c.
10
Let r be (-3 - (4 + 6))*40/(-2). Calculate the highest common divisor of r and 104.
52
Let z be (-2)/(-4)*(-252)/(-1). Let t = 6 - 3. Suppose 0 = t*v - 3*u - 57, 3*u - 26 = -4*v + 15. Calculate the greatest common divisor of z and v.
14
Let k be -1 + 1 - (0 - 3). Suppose 0 = d + t + 1, 2*d + 32 = -0*d + 4*t. Let r be (-9)/d*(-2)/(-3). Calculate the highest common divisor of k and r.
1
Suppose -10*g = -2*g - 96. Suppose -y + 5*o + 88 = 0, -4*y + 0*o = -2*o - 424. Calculate the greatest common divisor of y and g.
12
Let t be (-640)/(-36) + (-4)/(-18). What is the highest common divisor of 99 and t?
9
Let q(x) = -x**2 - 6*x - 4. Let z be q(-3). Suppose z*g - 73 = -2*a, 2*a = 4*g + a - 48. What is the greatest common factor of g and 39?
13
Suppose -6*v + 3*v = -3. Let f(z) = 6*z**3 + z**2 + z - 1. Let m be f(v). Suppose -5*o + 120 - 15 = 0. Calculate the greatest common divisor of m and o.
7
Let b be 2/8 + 1315/20. What is the highest common divisor of 6 and b?
6
Let z(m) = -m + 9. Let l be z(6). Let c be 11/(-3) - 10/(-15). Let k(d) = d**3 + 5*d**2 - d + 3. Let q be k(c). Calculate the highest common factor of q and l.
3
Let t = -4 - -7. Let n be (2/2)/(t/6). Let h = 8 - n. Calculate the highest common factor of 15 and h.
3
Let s = 1 + 6. Calculate the greatest common divisor of s and 35.
7
Let y(q) = -7*q + 7. Let o = -2 - 6. Let w be y(o). What is the greatest common factor of w and 7?
7
Let h = 77 - 108. Let k = h + 47. What is the greatest common divisor of 40 and k?
8
Let n(f) = f**3 + 11*f**2 + 7*f - 14. Let c be n(-10). Calculate the greatest common divisor of 80 and c.
16
Let l(m) = 3*m**2 - m + 1. Let p be l(1). Suppose 2*b = p*b - 17. Let v be 181 - -7 - (1 + 0). What is the highest common divisor of b and v?
17
Suppose 2 = 2*b - 4. Suppose 88 = -b*n - 65. Let z be -2 + -3*n/9. Calculate the highest common divisor of 6 and z.
3
Suppose h - 3*v + 1 = 0, -4*h + 2*v = -8*h + 24. Suppose 585 = h*i - 0*i. Let o = -78 + i. What is the highest common divisor of o and 13?
13
Suppose 0 = -5*i - 2*d + 7*d + 35, i - 4*d - 4 = 0. Let p be 3*2/(6/1). Calculate the highest common factor of p and i.
1
Suppose -z + 3*z = 2. Suppose -4*u + z + 43 = 0. Suppose 0 = -4*j - j + 110. Calculate the greatest common divisor of u and j.
11
Let o(t) = -2*t + 5. Let c be o(-8). Suppose 4*h + 3*d - 72 = 0, 5*d = -2*h + c + 29. Suppose 0*y + 15 = y. What is the greatest common divisor of y and h?
15
Let f(t) be the first derivative of -t**4/4 + 5*t**3/3 + 9*t**2/2 - 4*t + 3. Let l be f(6). Calculate the highest common divisor of l and 98.
14
Let m(z) be the second derivative of z**5/20 + 3*z**4/4 - z**3/3 - 13*z**2/2 + 3*z. Let k be m(-9). Calculate the highest common factor of k and 5.
5
Suppose -10*t + 7*t + 102 = 0. What is the highest common factor of 102 and t?
34
Let c be (-44)/(-36) - 4/18. Suppose -n + 3 = c. Let d be 1/n + 76/8. What is the greatest common divisor of d and 50?
10
Let v be (-550)/(-35) + -5 + (-2)/(-7). Calculate the highest common factor of v and 33.
11
Let v(p) = -2*p + 3. Let w be v(-3). What is the greatest common factor of 6 and w?
3
Suppose 2*g + q = g, -16 = -3*g + q. Calculate the greatest common divisor of 4 and g.
4
Let z be (-1 + 1*4)*1. Let y = 6 - 4. Suppose 0*p = -p - y*l + 17, -4*p = -4*l - 56. What is the highest common factor of z and p?
3
Let z be (2 - -1) + 2/1. Let g(f) = f**3 - 4*f**2 - 4*f + 5. Let a be g(z). Let n be (-6)/(-30) - (-78)/a. What is the highest common factor of 40 and n?
8
Let i(g) = 27*g + 13. Let b be i(4). Calculate the highest common divisor of b and 11.
11
Let m(c) = 2*c + 2. Let r be m(-5). Let p(l) = l**3 + 9*l**2 - 8*l - 2. Let s be p(r). What is the greatest common divisor of 18 and s?
18
Suppose 0 = 2*q - 3*k - 1 - 24, -q = -4*k - 5. Let s = q + -25. Let m be 4/(s/(-182)) + -1. Calculate the greatest common factor of m and 18.
18
Suppose -o - 3*o + 44 = 0. Calculate the highest common factor of 33 and o.
11
Let k = 14 - -12. Let v be 1/(((-6)/39)/(-2)). Calculate the greatest common factor of v and k.
13
Let o be (2*2)/((-2)/(-5)). Let l(p) = -p**3 + 12*p**2 - 5*p + 14. Let x be l(11). Calculate the highest common factor of x and o.
10
Let y(t) = -5*t**3 + 7*t**2 + 11*t - 4. Let d be y(-2). Calculate the greatest common factor of d and 105.
21
Let d = 19 + 37. Let r be -1 + -3*2/(-3). Suppose 2*q - 20 = 3*n, q + 2*n = -n + r. Calculate the greatest common divisor of d and q.
7
Let m(r) = -r**2 - 11*r + 49. Let d be m(-14). What is the greatest common factor of 28 and d?
7
Let w(j) = 6*j - 8. Let g be w(3). Calculate the greatest common factor of 70 and g.
10
Let o be -1 - (-20 - (-2 + 1)). Calculate the greatest common factor of 18 and o.
18
Let x be -32 - (-1 + 1)*1. Let p = -14 - x. Calculate the greatest common factor of 162 and p.
18
Let j(i) = i**2 + 14*i + 58. Let g be j(-4). Let s(m) = 3*m - 3. Let w be s(5). What is the highest common divisor of g and w?
6
Suppose 5*d + 29 = -y, y - 4*d + 59 = -3*d. Let u be y/(-10) + (-15)/(-25). Calculate the highest common factor of u and 42.
6
Let r be (-5)/(-1)*(1 - 2). Let c = -11 - r. Let w be 33/(-6)*c + 0. Calculate the highest common divisor of w and 3.
3
Let w be ((-2)/3)/((-6)/9). Let q be (-132)/(-36) + (-2)/(-6). What is the highest common factor of w and q?
1
Let y be (2 + 0)*8/16. Let a = 2 + y. Calculate the highest common divisor of 1 and a.
1
Let n = -20 + 34. Calculate the greatest common factor of 56 and n.
14
Let d(h) = 8*h - 6*h - 4*h - 10. Let b be d(-8). Let y(m) = m**3 + 5*m**2 - 8*m - 4. Let t be y(-5). What is the greatest common factor of b and t?
6
Suppose 0 = 3*i + 2*i. Suppose i = -4*x, 2*w - 5*w - 3 = 2*x. Let d be (-24)/w + (-4)/2. What is the highest common factor of 11 and d?
11
Suppose 0 = -3*r - 6, 2*a - 47 = 3*r - 1. Calculate the highest common factor of 30 and a.
10
Let t = 4 - 4. Suppose 0*k - k + 5 = t, 2*q + 19 = 3*k. Let p be (q - -3) + 2*7. Calculate the highest common divisor of 30 and p.
15
Let o = 27 + -42. Let q be 180/2*(-6)/o. Calculate the greatest common factor of q and 24.
12
Let k(p) = 4*p + 6. Let m be k(4). What is the highest common divisor of m and 55?
11
Let j(m) = -m**2 - 3*m. Let k be j(-4). Let q be 20/(-3)*18/k. Let t = -8 - -13. What is the highest common divisor of t and q?
5
Let l(z) = -z + 6. Let j be l(-4). Let i(r) = -r**3 - 3*r**2 - 4*r - 2. Let h be i(-3). What is the highest common divisor of h and j?
10
Let g be (-2)/(-4) - 6/((-24)/154). Calculate the greatest common divisor of 13 and g.
13
Let n = -37 + 16. Let q be (5/3)/((-7)/n). Let b(p) = p**2 - 6*p. Let k be b(-5). Calculate the greatest common divisor of k and q.
5
Suppose 4*l - 20 - 40 = 0. Calculate the highest common divisor of l and 135.
15
Let q(r) = -2*r - 5. Let w be q(-4). What is the greatest common divisor of 1 and w?
1
Let q(w) = 8*w**2 - 4*w + 6. Let c be q(2). What is the highest common factor of c and 12?
6
Let j(g) = -3*g**2 - g + 2. Let h be j(2). Let k = h + 54. What is the highest common factor of 6 and k?
6
Suppose 0*v - 5*v - 4*a + 33 = 0, -v - a + 7 = 0. Suppose -5*m + v*n = -115, 6*n - 64 = -3*m + 4*n. What is the highest common divisor of 11 and m?
11
Suppose 19 = 4*d - 1, -4*v + 5*d + 15 = 0. Let m = v + 28. Calculate the highest common factor of m and 95.
19
Let r be (-1*18)/(4/6). Let o = r - -71. Suppose -5*j + o = -56. Calculate the highest common factor of 5 and j.
5
Suppose -6*p + 270 = -3*p. Let d be (-10)/(-3)*(-2 + 5). Calculate the greatest common divisor of p and d.
10
Let v be 5 + -1 + (-663)/(-13). What is the highest common divisor of 11 and v?
11
Let z be (-2)/(-4) + (-560)/(-32). Calculate the highest common factor of z and 90.
18
Let c(n) 